 = 6*h, 3*t = 5*h + 20. Is m(t) prime?
False
Let l(x) = -1781*x - 1175. Is l(-6) a prime number?
True
Suppose 0 = -w - 5*c + 46609, 5*w = 2*c - 46962 + 279899. Is w a prime number?
True
Suppose 490 = -10*y + 540. Suppose 138 = 3*a - 54. Suppose y*c = 5*x + 1060, c = 4*x + 151 + a. Is c a prime number?
True
Let f(w) = 1 + 9 + 2 - 11 - 2*w. Is f(-26) composite?
False
Suppose -66*f + 1049925 = -506180 - 238633. Is f a composite number?
True
Let u(b) = -b**2 - 30*b + 259. Let c be u(7). Suppose c = -4*x + 19888 + 8108. Is x a prime number?
False
Let y = -2745 + 4670. Is y - (2 - 0)*(0 + 2) prime?
False
Let o be (4479 - 18/(-2))*-1. Let p = 18991 - o. Is p a composite number?
True
Suppose -10*m + 6450 + 719980 = 0. Is m composite?
False
Suppose -674 - 41 = -55*b. Let l(a) = 10*a**2 + 29*a - 124. Is l(b) prime?
False
Suppose -16*g = -32*g + 3281961 + 2429191. Is g composite?
False
Suppose 9*q - 8*q - 367 = 0. Suppose 4*c = -625 - q. Let u = c - -691. Is u prime?
True
Let y be ((-65)/(-26))/(5/(-12)*-3). Suppose -2*q - q + 3*o = -8166, -y*q = 5*o - 5444. Is q a prime number?
False
Is (-13 - 126/(-10)) + 1159167/5 a prime number?
False
Let f = 971080 - 544553. Is f a composite number?
False
Suppose 10807*w - 10832*w = -8349025. Is w a composite number?
True
Suppose -492 = 3*q + 933. Let h = 816 - q. Suppose 24*f = 25*f - h. Is f a composite number?
False
Let f(h) = h + 18. Let a be f(17). Let z = a + -38. Is (2/z)/(-3 - (-21268)/7092) a prime number?
False
Suppose 6 = 3*g - 4*k, 0 = -5*g + 7*k - 2*k + 10. Let t be 9080/10 - g/(-2). Suppose t = m - 130. Is m composite?
False
Suppose 3*o = -g + 1005749, -429*g - 2011514 = -431*g - 2*o. Is g prime?
True
Let s(b) be the first derivative of 19*b**4/4 - 7*b**3/3 - 15*b**2/2 + 16*b - 5. Is s(9) a composite number?
True
Suppose -v - 4 = 8*x - 12*x, 0 = x - 4*v + 14. Suppose 6778 = 2*w - h, -20*h + 6758 = x*w - 16*h. Is w a composite number?
True
Let n be -2 + (-5)/(-2) - (-75)/30. Suppose 3*d = 4*d - n. Suppose -632 = -d*u + 2*t + 615, u - 418 = 3*t. Is u prime?
False
Let l(b) = 1531*b**3 + 19*b**2 - 135*b + 1. Is l(8) prime?
True
Let w = 11276 + -3339. Is w composite?
False
Is ((-102)/(-119))/(6/2) + 238886752/224 prime?
False
Let a = -5898 - 747. Let t = a + 9896. Is t a prime number?
True
Is (-4)/(-34)*1 - 336187735/1105*-3 a prime number?
True
Suppose -3*q - 16167 - 10839 = -2*t, 4*q - t = -36003. Let a = q + 18057. Is a a prime number?
False
Let z = -135 - -220. Let g = 2517 + -2429. Suppose -g*m = -z*m - 3522. Is m prime?
False
Let v(g) = 390*g**2 + g + 3. Let c be ((-6)/10)/(-2 + 18/10). Let y be -2*c*2*3/18. Is v(y) a composite number?
True
Let b be 4*(-3)/((-12)/10929 + 0). Let l = b - 6940. Is l prime?
True
Let o = -9833 - -24561. Suppose -q - o = -9*q. Is q a composite number?
True
Let g(f) = -121*f**3 - 3*f**2 - 3*f - 1. Let n(x) = -x - 8. Let m be n(-6). Let u be g(m). Let h = u + 436. Is h a prime number?
False
Is (-2 - (-304985)/(-10))/((-17)/34) a prime number?
True
Let q = 805704 + -217561. Is q prime?
False
Let r = -30 + 26. Is 1965 + -35 + r/(-1) composite?
True
Let y = 38 - -9. Let g = 49 - y. Suppose -g*o + 3*o = 1399. Is o a composite number?
False
Is (-1)/8 + 6 + (2846472/64 - -1) a composite number?
False
Let y(q) = -10*q - 12. Let o be y(-4). Let k = 4738 - -4558. Is (1/((-8)/(-14)))/(o/k) a composite number?
True
Let o(l) = -17*l**3 + 22*l**2 - 15*l - 7. Let m(p) = p**2 + 14*p + 7. Let c be m(-13). Is o(c) composite?
False
Suppose 196*x - 199*x = -407931. Is x prime?
True
Let b(w) = 28 + 10*w - 6*w - w**2 - w. Let d be b(7). Suppose -s = -d*v + 5*v - 22, -v = -3*s + 114. Is s composite?
False
Suppose 229141 = 10*l - 145489. Let y = l - 21486. Is y composite?
True
Suppose -8*s - 207 = -231. Let k(t) = 192*t**2 - t + 8. Is k(s) a composite number?
False
Suppose -20*y = -41*y + 23100 + 476721. Is y a prime number?
True
Let x = 225406 - -40273. Is x a composite number?
True
Let p = 7530 - 7211. Suppose 5*h + 1125 - 180 = -5*x, 2*h + 8 = 0. Let z = x + p. Is z prime?
False
Let c be 1/(-1) + (-319)/(-1). Is (1 - -28697)*53/c composite?
False
Let v(u) = -756*u + 84*u - 21 - 4. Is v(-2) prime?
True
Is (-5)/(-20)*-4 + 2503414/2 + 9 a composite number?
True
Let a = 34 - 27. Suppose 9*q - 8 = a*q. Suppose 0 = q*m - 2*m - 678. Is m prime?
False
Let p = -460733 - -1275775. Is p a prime number?
False
Suppose -4 = 2*a, -4*u + 0*a + 145346 = 5*a. Let w = u - 19126. Is w composite?
True
Suppose -7*a - 10 = 4*n - 4*a, 0 = -5*n - a - 18. Let k(u) = -2*u + 7. Let d be k(n). Is 11961/d - 2/(-15)*-3 a composite number?
False
Suppose 4*c - 2*p - 2*p - 2324 = 0, 4*p = 3*c - 1744. Suppose 0 = 3*l + 3657 - 3660. Is (c/80)/(l/52*1) a composite number?
True
Let d(r) = -5218*r - 569. Is d(-79) a prime number?
False
Let i = -7250 + 19989. Is i a composite number?
False
Suppose 13*c - 31 = 8. Let i(t) = 9*t**2 - 5*t - 6. Let v be i(-6). Is ((-15)/2)/c*v/(-10) prime?
False
Suppose 10*i - 2*j - 20813 = 13*i, -i + 4*j = 6961. Let k = i + 10848. Is k prime?
True
Let w(p) = -212*p + 648. Let s be w(3). Let m = 1134 - -3339. Suppose -s*o + 255 = -m. Is o prime?
False
Let c be ((-34)/(-4))/(5/10). Suppose c*q + 134096 = 892585. Is q composite?
False
Suppose 0 = 5444*c - 5362*c - 74807534. Is c a prime number?
True
Suppose j + 3415 = 2*f, f + 0*f + 3*j - 1704 = 0. Let w = -14 - -17. Suppose -2*y - w*o + 789 + 348 = 0, -3*y + f = 4*o. Is y composite?
True
Let v = 229137 + -143248. Is v a prime number?
True
Suppose -35770 = -2*k + 21428. Suppose 0 = -4*t - 5*v + k, -4*t + v + 2*v = -28607. Is t a prime number?
True
Let f be (-222183)/(-189) - 4/7. Suppose -12321 = -3*m - 4*r, -m + f = -3*r - 2945. Is m composite?
False
Suppose 132*j - 2414908 + 226480 = 0. Is j composite?
True
Is (-739005)/(-6) + (-68)/136 prime?
False
Is 2579*406/35*50/20 composite?
True
Suppose 0 = -103*p + 94*p + 1293291. Is p composite?
False
Suppose 0*r - 722 = -2*r. Suppose 3*k - 2335 + r = 0. Suppose -6*o + 5*o = -2*s + k, 5*o = -2*s + 658. Is s a composite number?
True
Is 330557/(-6)*(8 - 14) composite?
False
Let f(w) = -43*w**3 + 7*w**2 + 2*w + 107. Is f(-9) a prime number?
True
Suppose -5*r + 0*r + 1860 = 0. Let a(j) = -j**3 - 11*j**2 - 29*j + 10. Let i be a(-6). Suppose 7*d = 2*g + 2*d - r, i*g + d = 766. Is g a composite number?
False
Let x = -25 - -31. Suppose -4*p + 40 = x*p. Suppose -11434 = -p*r + 2610. Is r a prime number?
True
Let o = -297 + 303. Is 21/(-6)*(-2427)/21*o composite?
True
Let x = 30356 + 35007. Is x a prime number?
False
Suppose 6*z - 8*o + 6*o - 174726 = 0, 4*z - 2*o - 116480 = 0. Is z a prime number?
True
Let w(f) = -f**3 + 12*f**2 - 20*f - 6. Let a be w(10). Let v be 2/4 + (-6 - 1095/a). Suppose -b - x + 884 = 0, b - v - 692 = 2*x. Is b prime?
False
Suppose -12*n = 11714 + 4426. Let a = 16 - n. Is a a composite number?
False
Suppose 8*b - 229 = -101. Is (((-88716)/b)/1)/(6/(-8)) composite?
False
Let j(u) = 3*u + 4. Let c(s) be the third derivative of -s**5/60 - 7*s**4/24 - s**3/6 + 22*s**2. Let h be c(-3). Is j(h) a composite number?
False
Let c = 393 + -393. Suppose c = 31*m - 26069 - 88104. Is m prime?
False
Suppose -8435 = -7*o - 42679. Let x = -2765 - o. Is x composite?
True
Let t = -2259 + 7589. Let s = -2079 + t. Is s a prime number?
True
Let f = 19738 + 2721. Is f a prime number?
False
Let w(g) = -g**2 + 15*g - 20. Let k be (-3)/4 + (-118)/(-8). Let u be w(k). Is (-844)/u*(-4 - (-17)/2) a prime number?
False
Let c(z) = 14*z - 20. Let g be c(3). Let k(h) = -16 + g*h**2 - 2 - 15*h - 4 + 0. Is k(-9) prime?
False
Suppose 6*z + 2*z - 344 = 0. Let s = z + -46. Is (30/24)/(s/(-15924)) a prime number?
False
Let x be 96/44 + (-4)/22. Suppose -t + k = -1807, 5*t - 9005 = -x*k - 3*k. Is t + (-12)/(-4) + -6 prime?
True
Let m(x) = -1165*x + 3. Suppose 21*s = 27*s + 24. Is m(s) a composite number?
False
Let t = -51 + 32. Let s = -160 + t. Let w = 84 - s. Is w a composite number?
False
Let a(r) = -3*r + 37. Let s be a(11). Suppose -3*y - s*y = -21. Suppose -7*q - y*q = -380. Is q composite?
True
Let x(k) = 8*k**2 - 42*k - 1. Suppose -65*q + 64*q = -17. Is x(q) composite?
False
Let b be 42/(-7)*(-2)/4. Suppose -81 = -b*z + 72. Suppose 50*u = z*u - 439. Is u prime?
True
Let s be (-1)/4 + 7455/140. Suppose 18*j + 26915 = s*j. Is